 i.
3, 23, 421
Let l = -9595 + 21171. What are the prime factors of l?
2, 1447
Suppose -5*f - 5*o + 67445 = 0, -5*f + 7*f - 26948 = 4*o. List the prime factors of f.
2, 3371
Let f(k) = -k + 138*k**2 - 11*k**2 - 13*k**2 + 54*k**2 + 1. Let t(i) = 336*i**2 - 2*i + 1. Let y(b) = 5*f(b) - 2*t(b). List the prime factors of y(1).
2, 5, 17
Let h = -12450 + 20677. List the prime factors of h.
19, 433
Suppose 0 = -s + 30310 - 3703. List the prime factors of s.
3, 7, 181
Let r = 26 + -16. Let x be ((-1232)/(-10))/22 - (-6)/15. Suppose -x*v - 120 = -r*v. List the prime factors of v.
2, 3, 5
Let b(o) = 288*o**2 - o - 2. Let d be b(-2). Suppose 0 = -c - s + 464, 2*s = 2*c + 244 - d. What are the prime factors of c?
3, 17
Let r(c) = c**2 + 13*c + 4. Suppose -j = -5 + 18. Let m be r(j). Suppose -m*w = -443 + 103. What are the prime factors of w?
5, 17
Suppose 5*k - 6125 = -4*x, -903 = -4*k + 2*x + 3997. Let v be (-2)/11 - (68/(-11) + 4). Suppose 9*o = v*o + k. List the prime factors of o.
5, 7
Let d be (144/40 - 3/5) + -1. Let g(n) = 25*n + 2. Let v be g(d). Let c = v + -20. List the prime factors of c.
2
Suppose -335*b + 468 = -337*b. What are the prime factors of ((-35)/5 - b) + -2 + 3?
2, 3, 19
Suppose -5*c + 2*c - y - 4 = 0, 0 = 2*c - 5*y + 31. Let o be 14/1 + c + 0. Let i(l) = 2*l**2 - 13*l - 15. List the prime factors of i(o).
2, 3, 7
Let t be (-34)/(-16) + (-5)/40. Let o(y) = 43*y**2 + 2*y + 2. What are the prime factors of o(t)?
2, 89
Let q be 8 + (0/2)/(-4). Suppose -q*w = -80 + 8. Suppose -11*j + 108 = -w*j. What are the prime factors of j?
2, 3
Let f be 3 - (-5 - -7 - -4*1). Let g = -91 - -148. List the prime factors of (-248)/f*g/38.
2, 31
Let f(d) = 34*d + 238. Let u be f(-7). Suppose 32*r - 6137 - 3431 = u. List the prime factors of r.
13, 23
Suppose -7*h + 6*h = 2*s - 6, 5*s - 11 = -2*h. Let m(w) = 17*w + 2. Let f be m(h). Suppose -5*i + 203 + 535 = -2*x, i + 2*x = f. List the prime factors of i.
2, 73
Suppose -468 = -3*d + 22*p - 17*p, 4*d + p = 647. Suppose 0 = 5*w - 4*k - 822, -w - d = -2*k - 323. List the prime factors of w.
2, 83
Let o(n) = -18 + 11 + 3 - n. Let b be o(-4). Suppose 9*j - 5*j - 392 = b. What are the prime factors of j?
2, 7
Suppose -5*f + 0 = -45. Let t(p) = 38*p - 33. Let b be t(f). Suppose 0 = -5*j - 9 + b. What are the prime factors of j?
2, 3, 5
Let f(k) = -20*k + 48 - 92 + 48. What are the prime factors of f(-1)?
2, 3
Suppose -1721 = -3*f - 5*r, 4 = -0*r + 4*r. List the prime factors of f.
2, 11, 13
Let x = -69 - -71. Suppose -6*z = -5*z - x. Suppose -2*q = 2*b - 440, -b + 877 = 4*q + z*b. What are the prime factors of q?
7, 31
Let g = -165 - -188. Let z(c) = -c**3 + 25*c**2 - 7*c + 25. List the prime factors of z(g).
2, 461
Let w(i) = 4*i**2 - 37*i - 4. Let p be (33/21 - -1)*-28. Let l = 85 + p. List the prime factors of w(l).
191
Let n be ((-30)/9)/(1 + 15/(-9)). Suppose -17 = -5*v - b, -4*b + 0 + n = -v. Suppose 149 = w - 3*x, -4*w - x + 612 = v*x. List the prime factors of w.
2, 19
Suppose 4*k - 73 = 35. Suppose 3*r - 54 = -2*a + 7*a, 2*a + k = 3*r. List the prime factors of (a/2)/((-30)/100).
3, 5
Let v be (0 + -12)*(4 + (-78)/18). Suppose v*t - 676 = -24. Suppose t = -4*p + 683. List the prime factors of p.
2, 5, 13
Suppose -8*m + 761 + 7 = 0. Let z be (m/36)/((-2)/(-3)). Suppose 0 = 2*i - z*c - 52, c = 3*c - 6. What are the prime factors of i?
2
Let q(f) = -f**2 - 20*f - 12. Let v be q(-19). Let c be 2 + 23/v + 4/(-14). Suppose -4*d + 40 = -4*k, 2*k - 4*k - 65 = -c*d. List the prime factors of d.
3, 5
Let v(s) = -2*s**3 + 28*s**2 + 2*s - 16. Let c be v(14). List the prime factors of ((-1 - 0) + 3159/c)*4.
1049
Suppose 34*k = 35*k. Suppose -d - 5*w + 1506 = k, -d - w = -6*d + 7582. What are the prime factors of d?
2, 379
Let s(c) = 6*c**2 + 3*c**2 + 11 - 32 + 18. Suppose 0 = -3*a - 5 + 20. List the prime factors of s(a).
2, 3, 37
Let i(q) = 3 - q + 1 - 8*q. Let k be (16/12)/((-34)/51). List the prime factors of i(k).
2, 11
Let u be 2 - (4 + -31)/(-3). Let h(c) = 53*c - 3. Let a(n) = -18*n + 1. Let t(v) = u*a(v) - 2*h(v). List the prime factors of t(7).
139
Suppose 2*u = 9*u - 266. Let b = u + -39. What are the prime factors of b*57*26/(-39)?
2, 19
Suppose -4*z - 3*o = 18 + 33, 31 = -4*z + o. Let p(f) = f**2 + f - 27. List the prime factors of p(z).
3, 5
Suppose 111716 - 30492 = 26*i. What are the prime factors of i?
2, 11, 71
Let i(h) = 561*h**2 - 57*h - 462. What are the prime factors of i(-5)?
2, 3, 577
Suppose 3*k + 7 = -47. List the prime factors of (-12)/16*(-9)/(k/(-2680)).
3, 5, 67
Suppose 5*r = 9 + 61. Let k(g) = -5 + r*g**2 - 3*g**2 + 13*g**2 + 4*g. What are the prime factors of k(2)?
3, 11
Let h(l) be the first derivative of -l**4/4 + 7*l**3 + 3*l**2 + 6*l + 17. List the prime factors of h(10).
2, 11, 53
Suppose 71 - 29 = 2*q. Let o = q - 25. List the prime factors of 3/o + 1 + 11058/152.
73
Let p = -24 - -23. Let c be (586/6)/(p/(-3)). Let g = -163 + c. What are the prime factors of g?
2, 5, 13
Suppose 0*z - 2*z + 30 = 0. Suppose -z*p + 18*p - 57 = 0. List the prime factors of p.
19
Let k be 6362/(-10)*1 + 10/50. Let r be 2 + -1 - k - 1. Suppose r = 3*p - 3*z, -3*z = 4*p - z - 878. List the prime factors of p.
7, 31
Let f = -6 - -12. Suppose 3*j - f = -4*w, 2*j - 6 = -j. Suppose -s + 5*s - 340 = 2*k, 3*s - 4*k - 245 = w. What are the prime factors of s?
3, 29
Let y be 12410/70 - 4/14. Suppose 9*m - 147 = y. What are the prime factors of 59/(-3)*m/(-12)?
59
Suppose -4*h = -5*s + 63, -32 = h + 2*s - 0*s. Let z = h + -26. Let o = 31 - z. List the prime factors of o.
79
Suppose -v + 24 + 4 = -2*a, -5*a - 73 = -v. Let k be ((-10)/a)/(-2)*-417. Let q = k + -128. List the prime factors of q.
11
Let r = 6401 + -2625. What are the prime factors of r?
2, 59
Let o(d) = 18*d**2 + 24*d - 3. Let a(p) = 19*p**2 + 25*p - 4. Let c(n) = -5*a(n) + 6*o(n). List the prime factors of c(-10).
2, 139
Let o(t) = -35*t. Let k be o(-3). Let y = 150 - 149. What are the prime factors of y + k + 1/(-1) + 0?
3, 5, 7
Let v(p) = 3*p**3 - p**2 + p + 8. Let x be v(6). Suppose 2380 = 9*r - x. List the prime factors of r.
2, 167
Suppose -19*q - 4155 = -24*q. Let r = 1290 - q. List the prime factors of r.
3, 17
Suppose -5*u - 15 = 10. Let q(n) = 24*n**2 - 5*n + 3. What are the prime factors of q(u)?
2, 157
Let c = -172 - -176. Suppose 0 = h + 3*v - 327 - 210, c*h - 2*v = 2120. List the prime factors of h.
3, 59
Let g = 497 - 322. Suppose -19*m + 13*m + 408 = 0. Let q = g - m. What are the prime factors of q?
107
Suppose 0 = -2*d + 4*d + 22. Let l = d + 17. What are the prime factors of 90 + (l/(-2))/1?
3, 29
Suppose 5*m - 15 - 5 = 0. Suppose -4*k - 34*q = -30*q, 24 = 3*k - 5*q. Suppose 2*b - 123 = -b + j, k*b = -m*j + 123. List the prime factors of b.
41
Let w(r) = -108*r**2 + 2*r - 4. Let j(s) = 326*s**2 - 7*s + 12. Let b(d) = 4*j(d) + 11*w(d). What are the prime factors of b(-2)?
2, 3, 5
Suppose d + 1 = -18. Let r(c) = c**3 + 18*c**2 - 20*c - 20. Let z be r(d). List the prime factors of z + 280/(1 + 3).
3, 23
List the prime factors of 14 - -290*(-9681)/(-42).
13, 37, 139
Let u = 24 + -24. Suppose -6*f + 0*f - 6 = u. Let i(z) = 128*z**2 + z + 2. List the prime factors of i(f).
3, 43
Suppose 12*n = 7*n, -2*q + 6 = 3*n. Suppose g - 498 = 5*k, -3*g + 1003 = -g - 3*k. Suppose 0 = -q*c - 137 + g. List the prime factors of c.
2, 61
Let b(v) = -2*v**2 - 47*v - 28. Let a be b(-23). List the prime factors of 320 + (-9 - a) + 5 + -1.
2, 5
Let m(q) = 6*q**2 + 13*q - 28. Suppose 4*k + 20 = 4*n - 12, 2*n - 3*k = 17. List the prime factors of m(n).
3, 7, 17
Suppose -157510 - 69908 = -37*w + 8*w. List the prime factors of w.
2, 3, 1307
Let r(s) be the second derivative of 16*s**3/3 + 28*s**2 + 24*s. Let l be r(8). Let f = l + -175. What are the prime factors of f?
137
Let c(s) = 608*s**2 + 45*s - 215. List the prime factors of c(6).
21943
Suppose -7 + 15 = 2*d. Let v = d - -1. Suppose 65 = 3*f + v. List the prime factors of f.
2, 5
Let r be -2*5146/2 + (-2 - -4). List the prime factors of r/(-14) - 8/(-14).
2, 23
Let t = -570 + 573. Suppose -k - 1 = -u - 0*k, -3*u + 4 = -2*k. List the prime factors of t/(u + 82/(-44)).
2, 11
Let x(t) = -t**3 - 44*t**2 - 79*t - 6. Let j be x(-42). Let r(d) = 45*d**3 - 3*d**2 + d - 2. Let p be r(2). Let o = p + j. Wh